t - 2 = -3*s - 21, 0 = -4*t + 5*s + 21. Suppose 1010 = t*c + 2*g, 4*g = -4*c + 6*g + 998. Is c a prime number?
True
Suppose 0 = p + 1, -6*v + 2*v + 939 = p. Is v composite?
True
Let k(x) = -10*x**3 + x**2 - 6*x - 4. Is k(-3) prime?
True
Let l(u) = 53*u + 11. Is l(4) composite?
False
Let a(r) be the second derivative of 2*r**3 + 2*r + 0 - 3/2*r**2. Is a(2) composite?
True
Is (-4)/12 + 3432/9 a prime number?
False
Is (10/6 - 1)*(-16152)/(-16) composite?
False
Let r(u) = -u - 1. Let w = 6 - 9. Let n be r(w). Let f = 32 + n. Is f a composite number?
True
Let j = 73 - -46. Let b = 77 + -159. Let m = j + b. Is m prime?
True
Is ((-6381)/(-63) - (-2)/(-7)) + -4 composite?
False
Let t(c) = 45*c - 1 + 70*c + 28*c - 45*c. Is t(3) a composite number?
False
Let g(p) = -p**2 - p. Let d be g(1). Let j = 8 + -3. Let k = d + j. Is k prime?
True
Let g be 1/(-2) + 3/6. Let b(j) = -j - 24 + 56 - 1 + j**2 + 46. Is b(g) a prime number?
False
Suppose 4*g - 3*g = 0. Is -1 + g/3 - -68 prime?
True
Suppose 213*t - 50 = 208*t. Is t prime?
False
Let x be (-14)/(2*2/(-16)). Is 3/(6/x) - -3 a prime number?
True
Let t(z) = 178*z + 7. Let a be t(5). Suppose -p + 5*p = 2*f - 466, 0 = -4*f + p + a. Is f composite?
False
Is (345/45)/((-1)/(-33)) prime?
False
Let h = -95 + 436. Suppose -4 = -5*g + h. Is g a composite number?
True
Let h be ((-5)/10)/(3/(-12)). Suppose h*b - b - 161 = 0. Is b a prime number?
False
Let p(k) = -3*k - 3. Let c be p(1). Let g(r) = 4*r**2 - 12*r + 5. Is g(c) a composite number?
True
Is (-6 - (-3316)/(-16))/((-2)/40) a composite number?
True
Let w(z) = 15*z + 2. Let m = -6 + 5. Let f(s) = 6*s**2 + 2*s + 1. Let v be f(m). Is w(v) a prime number?
False
Let a be (-1)/(3 - (4 + -2)). Let x = a - -70. Is x composite?
True
Let z = -18 - -22. Suppose -z*k = -y - 104 - 29, -121 = -4*k + 5*y. Is k composite?
True
Let r(k) = 13*k**3 + k**2 - 2*k + 7. Is r(3) prime?
False
Let h(x) = x**2 - 5*x - 1. Let p be h(6). Let w(z) = 92*z - 9. Is w(p) prime?
False
Suppose 7 = 4*s - q, -s - s + 16 = 2*q. Suppose s*a = 107 + 43. Is (-9)/(-18)*(a - 0) a prime number?
False
Let u(n) = 37*n - 6. Let y(f) = 3*f - 3. Let v be y(4). Let c = v - 5. Is u(c) a composite number?
True
Let k(d) = 15*d**2 - 4*d - 4. Suppose 8 = -3*x - 1. Is k(x) a composite number?
True
Suppose -18 + 122 = 4*c. Suppose -4*d - c = -102. Let u = d - -46. Is u composite?
True
Let k(n) = -n + 12. Let g(o) = 6. Let h(y) = -9*g(y) + 4*k(y). Is h(-7) prime?
False
Let d(w) be the second derivative of 139*w**4/12 - w**3/6 - 2*w. Let x be d(-1). Suppose -p + x = 3*p. Is p a prime number?
False
Let s be (-3)/2*(-176)/(-3). Let i(p) = 53*p + 9. Let y be i(-4). Let v = s - y. Is v prime?
False
Suppose m + 0*m = 5. Let r(c) = 2*c**2 - 17*c + 9. Let p be r(13). Suppose 169 = 5*n + 3*l - p, -m*l + 177 = 3*n. Is n a composite number?
False
Let k(v) = 294*v + 8. Let u(s) = s + 1. Let f(q) = -k(q) + 6*u(q). Let w be f(-2). Suppose 4*z = 2*z + w. Is z a prime number?
False
Let p(f) = f**2 - 4 - 2*f + 8*f + 1. Let v(o) = -o**2 - o - 8. Let k be v(0). Is p(k) a composite number?
False
Let j = 0 - -3. Let k = j - 2. Is 1 + (42 - (k + -1)) prime?
True
Suppose 5*n - x - 728 = 0, 5*n + 2*x - 81 = 638. Is n a composite number?
True
Suppose 2*t = -9 - 1, 5 = 5*a + 2*t. Suppose -s = -3, 6*s = 2*z + a*s - 485. Is z prime?
False
Suppose -3*p - 3*t - 18 = 0, t + t = -10. Let m be (-2 - 0) + (p - -28). Suppose -2*o + m = -3. Is o composite?
True
Let w = 110 - -449. Is w a prime number?
False
Suppose 3*i - 5*i = -36. Let w = -12 + i. Let r = 15 + w. Is r a composite number?
True
Let n = -6 - -4. Let c be n - (0 + 5)*1. Let w(f) = f**2 + f - 7. Is w(c) composite?
True
Let l = -5314 + 9923. Is l a composite number?
True
Let c be 58/(-6) + (-4)/(-6). Suppose -2*v + 27 = 7. Let q = v - c. Is q composite?
False
Let p(f) = 3*f**3 - 8*f**2 - 15. Is p(8) prime?
True
Suppose -558 - 614 = -4*b. Is b a composite number?
False
Suppose d = -218 - 176. Let h = -143 - d. Is h a composite number?
False
Let w(o) = -3*o**2 + 1. Let m be w(1). Is (m*25 - 3)/(-1) a prime number?
True
Suppose -4*i + 2*i = -3*d + 153, -5*d + 4*i + 253 = 0. Is d composite?
False
Let o(z) = 7*z**2 - 11*z - 15. Is o(-8) a prime number?
True
Let r(c) = c**3 - 2*c**2 + 3*c - 3. Let j be r(2). Suppose j*n - 2*n - 21 = 0. Is n composite?
True
Is (129/9 + -3)*(-444)/(-8) prime?
False
Let s(x) = -7*x - 12. Is s(-7) composite?
False
Let v = -301 + 446. Is v prime?
False
Let w = 83 + -48. Is w composite?
True
Suppose -24 = -5*d - k, -k = 5*d - 2*k - 16. Is d a composite number?
True
Let d(u) = u**3 + 6*u**2 + 5*u + 2. Let j be d(-5). Let f be 15365/(-3) + j/(-6). Is f/(-22) + 2/11 a composite number?
False
Suppose 0*x + 2*x - 8 = 0. Let z(u) = 2*u**2 - 4*u - 2. Is z(x) a prime number?
False
Let b = 1567 - 923. Let y = b + -330. Is y composite?
True
Suppose -u + 8 = -2*u. Is (238/u)/((-1)/4) composite?
True
Suppose -4*n - 25 = 5*m, 4*n + 34 = -3*m + m. Let d = -22 - -6. Let j = n - d. Is j a prime number?
False
Let h = -135 + 290. Is h prime?
False
Let r(x) = -x - 19. Let n be r(-11). Is 18 - n/(-12)*-6 prime?
False
Suppose -4*w = -2*w - 4. Suppose 2*x = 6, -w*x + 0*x - 374 = -4*l. Is l/15 - (-4)/6 prime?
True
Let v = -75 + 1476. Is v prime?
False
Suppose -4*m + 1124 = -152. Is m composite?
True
Suppose 0 = -4*z + 8*z - 20. Suppose -z - 11 = l. Let u = l + 31. Is u composite?
True
Suppose 5*x - 14 = -3*d, -x - 5*d + 2 = 2*x. Is 2 - 0 - (-41 - x) a prime number?
True
Let w(o) = o - 3*o + o**2 + 8 - o - 4. Is w(6) prime?
False
Suppose 2*p - p = 2*q - 9, 4*q = -4*p + 12. Let w be -45*((-2 - -2) + p). Suppose 2*c + c - w = 0. Is c a composite number?
True
Is (-3 - (-22)/8)*-16444 composite?
False
Suppose -2*y - 467 - 149 = 0. Let t = y + 521. Is t a composite number?
True
Let f be 16/(-6)*(-45)/(-20). Let q be 52/(-6) + 2/f. Is 619/9 + (-2)/q a prime number?
False
Let j be 232 + (-9)/(-3) - 1. Suppose -f + 2*v = -5*f - j, -2*v = -3*f - 165. Let h = f - -128. Is h a composite number?
False
Suppose 0 = -4*a + 3*r + 5, 3*r + 5 = -2*a + 12. Let y = a + 0. Is y composite?
False
Let w(m) = -122*m. Let s be w(-3). Suppose 0 = -4*y - 10 + s. Is y a prime number?
True
Let a(d) = -d**2 + 8*d + 3. Let u(c) = 0*c**2 + 5*c**2 - 1 + c - 3*c. Let p be u(-1). Is a(p) composite?
True
Suppose -y + 7 = 2. Suppose h - 1 + y = 0, i = -4*h - 11. Suppose 0*j = 2*j - f - 26, 2*j - i*f = 26. Is j prime?
True
Let s = 3 - 1. Suppose 184 = s*o + f + 17, 88 = o + 5*f. Is o a composite number?
False
Let a(p) = 7*p**2 - 44*p - 36. Is a(19) prime?
False
Let b = -167 - -71. Let z = b + 205. Is z a prime number?
True
Let v(y) = y - 1. Let g(z) = 4*z - 3. Let c(u) = 2*g(u) - 9*v(u). Let n be c(0). Suppose n*f - 4 = 5. Is f a composite number?
False
Let a(o) = 69*o - 26. Is a(5) a composite number?
True
Suppose -6*m = m - 1757. Is m a prime number?
True
Suppose 2*g + 4*l - 1 - 23 = 0, -3*g = 3*l - 24. Suppose 0 = -o + y + 120, -y = -g*o - o + 596. Is o composite?
True
Let q be (-12)/5 - (-4)/10. Suppose 0*h - 6 = 2*h, -183 = 5*t - 4*h. Is q - (t - 2)*1 prime?
False
Let o = -1706 - -2925. Is o a prime number?
False
Let z(q) = -q - 4. Let y be z(-6). Suppose y*c + 10 = 3*c. Let r(n) = -n**2 + 13*n - 9. Is r(c) composite?
True
Is (-5 - -2) + 1170 + -4 a prime number?
True
Suppose 0 = -2*j - 2*u + 142, -9 = -2*u - u. Let g = -9 + j. Is g composite?
False
Let v be (0 - 1) + 5 + 0. Suppose 3*q = 3*x - 72, v*q + 0*q = x - 33. Is x a composite number?
True
Let o(h) = -h**3 + 11*h**2 - 8*h + 5. Let x(l) = l**3 + 5*l**2 - 5*l + 5. Let u be x(-6). Let y(a) = 9*a**2 + 2*a + 1. Let f be y(u). Is o(f) prime?
False
Let g(o) = 5*o - 15. Is g(6) a composite number?
True
Is (-5 + 481/2)*(-4)/(-6) prime?
True
Let z = -6 + 7. Let l = 0 + z. Is l + 3/(5 - 2) composite?
False
Suppose -y = 38 + 20. Let o = 149 + y. Is o prime?
False
Let o be 876/(-22) + 8/(-44). Let p = 59 + o. Is p composite?
False
Let w(i) = -i**3 - i**2 - 2*i + 1. Let l(r) = r**2 - 3*r + 2. Let p be l(5). Suppose -5*j = -j + p. Is w(j) a prime number?
False
Suppose 2659 = 3*i + 211. Let q = i - 347. Is q composite?
True
Let i(o) = 19*o**2 - 4*o - 1. Is i(-4) a prime number?
False
Let u = 7 - 5. Let c(s) = -3*s + 2. Let d be c(u). Is d/(-6) - 151/(-3) a composite number?
True
L